{"id":3204,"date":"2024-04-11T15:06:17","date_gmt":"2024-04-11T15:06:17","guid":{"rendered":"https:\/\/worldskills.ro\/gastronomiesustenabila\/?page_id=3204"},"modified":"2025-08-28T12:49:06","modified_gmt":"2025-08-28T12:49:06","slug":"worldskills-lyon-2024","status":"publish","type":"page","link":"https:\/\/worldskills.ro\/gastronomiesustenabila\/worldskills-lyon-2024\/","title":{"rendered":"WorldSkills Lyon 2024"},"content":{"rendered":"<p><section data-bb-version=\"4.9.1\" id=\"bt_bb_section69d4b603ec4b2\" class=\"bt_bb_section bt_bb_layout_wide bt_bb_vertical_align_top bt_bb_top_spacing_100\"  data-bt-override-class=\"null\"><div class=\"bt_bb_port\"><div class=\"bt_bb_cell\"><div class=\"bt_bb_cell_inner\"><div class=\"bt_bb_row \"  data-bt-override-class=\"{}\"><div class=\"bt_bb_row_holder\" ><div data-bb-version=\"4.9.1\"  class=\"bt_bb_column col-xxl-12 col-xl-12 col-xs-12 col-sm-12 col-md-12 col-lg-12 main-banner bt_bb_vertical_align_top bt_bb_align_left btLazyLoadBackground bt_bb_column_background_image bt_bb_padding_normal\" style=\"background-image:url(&#039;https:\/\/worldskills.ro\/gastronomiesustenabila\/wp-content\/plugins\/bold-page-builder\/img\/blank.gif&#039;);; --column-width:12;\" data-background_image_src='https:\/\/worldskills.ro\/gastronomiesustenabila\/wp-content\/uploads\/2024\/04\/2-1-1-min.png' data-width=\"12\" data-bt-override-class=\"{&quot;bt_bb_align_&quot;:{&quot;current_class&quot;:&quot;bt_bb_align_left&quot;,&quot;xxl&quot;:&quot;left&quot;}}\"><div class=\"bt_bb_column_content\"><div class=\"bt_bb_column_content_inner\"><div class=\"bt_bb_separator bt_bb_border_style_none bt_bb_top_spacing_30 bt_bb_bottom_spacing_30\" data-bt-override-class=\"null\"><\/div><div data-bb-version=\"4.9.0\" class=\" bt_bb_row_inner bt_bb_row_width_boxed_1400\"   data-bt-override-class=\"{}\"><div class=\"bt_bb_row_inner_holder\"  ><div  class=\"bt_bb_column_inner col-xxl-6 col-xl-6 col-xs-12 col-sm-6 col-md-6 col-lg-6 bt_bb_vertical_align_top bt_bb_align_left bt_bb_padding_normal\"  data-width=\"6\" data-bt-override-class=\"{}\"><div class=\"bt_bb_column_inner_content\"><div class=\"bt_bb_column_inner_content_inner\"><div  class=\"bt_bb_text\" ><\/p>\n<div class=\"main-title-page\">Participarea Rom\u00e2niei la WorldSkills Lyon 2024<\/div>\n<p>\n<\/div><\/div><\/div><\/div><div  class=\"bt_bb_column_inner col-xxl-6 col-xl-6 col-xs-12 col-sm-6 col-md-6 col-lg-6 bt_bb_vertical_align_top bt_bb_align_left bt_bb_padding_normal\"  data-width=\"6\" data-bt-override-class=\"{}\"><div class=\"bt_bb_column_inner_content\"><div class=\"bt_bb_column_inner_content_inner\"><\/div><\/div><\/div><\/div><\/div><div class=\"bt_bb_separator bt_bb_border_style_none bt_bb_top_spacing_20 bt_bb_bottom_spacing_20\" data-bt-override-class=\"null\"><\/div><div data-bb-version=\"4.9.1\" class=\" bt_bb_row_inner bt_bb_row_width_boxed_1400\"   data-bt-override-class=\"{}\"><div class=\"bt_bb_row_inner_holder\"  ><div  class=\"bt_bb_column_inner col-xxl-6 col-xl-6 col-xs-12 col-sm-6 col-md-6 col-lg-6 bt_bb_vertical_align_top bt_bb_align_left bt_bb_padding_normal\"  data-width=\"6\" data-bt-override-class=\"{}\"><div class=\"bt_bb_column_inner_content\"><div class=\"bt_bb_column_inner_content_inner\"><div class=\"bt_bb_separator bt_bb_border_style_none bt_bb_top_spacing_10 bt_bb_bottom_spacing_10\" data-bt-override-class=\"null\"><\/div><div  class=\"bt_bb_text bt_bb_hidden_xs bt_bb_hidden_ms\" ><\/p>\n<div class=\"butoane\">\n<div class=\"download-raport\"><a class=\"\" href=\"https:\/\/worldskills.ro\/gastronomiesustenabila\/liceu\/\"> Descoper\u0103 programul<\/a><\/div>\n<\/div>\n<p>\n<\/div><div  class=\"bt_bb_text bt_bb_hidden_sm bt_bb_hidden_md bt_bb_hidden_lg\" ><\/p>\n<div class=\"dmobil\"><a class=\"download-raport\" href=\"\/program-la-clasa\/\"> Descoper\u0103 programul<\/a><\/div>\n<div class=\"imobil\"><a class=\"inscriete\" href=\"https:\/\/docs.google.com\/forms\/d\/e\/1FAIpQLSdT9zbw6Xmq8Lzx1_oA8yqtddPoo6bGb3P_vOQJKyYGZQq0HQ\/viewform\" target=\"_blank\" rel=\"noopener\"> Vreau sa m\u0103 \u00eenscriu!<\/a><\/div>\n<p>\n<\/div><\/div><\/div><\/div><div  class=\"bt_bb_column_inner col-xxl-6 col-xl-6 col-xs-12 col-sm-6 col-md-6 col-lg-6 bt_bb_vertical_align_top bt_bb_align_left bt_bb_padding_normal\"  data-width=\"6\" data-bt-override-class=\"{}\"><div class=\"bt_bb_column_inner_content\"><div class=\"bt_bb_column_inner_content_inner\"><\/div><\/div><\/div><\/div><\/div><div class=\"bt_bb_separator bt_bb_border_style_none bt_bb_top_spacing_30 bt_bb_bottom_spacing_30\" data-bt-override-class=\"null\"><\/div><\/div><\/div><\/div><\/div><\/div><\/div><!-- cell_inner --><\/div><!-- cell --><\/div><!-- port --><\/section><section id=\"bt_bb_section69d4b603eca25\" class=\"bt_bb_section bt_bb_layout_boxed_1200 bt_bb_vertical_align_top bt_bb_top_spacing_40 bt_bb_bottom_spacing_40\" style=\";background-color:rgb(245,245,245);\" data-bt-override-class=\"null\"><div class=\"bt_bb_port\"><div class=\"bt_bb_cell\"><div class=\"bt_bb_cell_inner\"><div class=\"bt_bb_row \"  data-bt-override-class=\"{}\"><div class=\"bt_bb_row_holder\" ><div  class=\"bt_bb_column col-xxl-12 col-xl-12 col-xs-12 col-sm-12 col-md-12 col-lg-12 bt_bb_vertical_align_top bt_bb_align_left bt_bb_padding_normal\" style=\"; --column-width:12;\" data-width=\"12\" data-bt-override-class=\"{}\"><div class=\"bt_bb_column_content\"><div class=\"bt_bb_column_content_inner\"><div  class=\"bt_bb_text\" ><\/p>\n<p>\u00a0<\/p>\n<p><img decoding=\"async\" loading=\"lazy\" class=\"wp-image-3344 alignleft\" src=\"https:\/\/worldskills.ro\/gastronomiesustenabila\/wp-content\/uploads\/2024\/10\/53992088351_b1d0b37ec1_o-1-640x960.jpg\" alt=\"\" width=\"238\" height=\"357\" srcset=\"https:\/\/worldskills.ro\/gastronomiesustenabila\/wp-content\/uploads\/2024\/10\/53992088351_b1d0b37ec1_o-1-640x960.jpg 640w, https:\/\/worldskills.ro\/gastronomiesustenabila\/wp-content\/uploads\/2024\/10\/53992088351_b1d0b37ec1_o-1-1280x1920.jpg 1280w, https:\/\/worldskills.ro\/gastronomiesustenabila\/wp-content\/uploads\/2024\/10\/53992088351_b1d0b37ec1_o-1-768x1152.jpg 768w, https:\/\/worldskills.ro\/gastronomiesustenabila\/wp-content\/uploads\/2024\/10\/53992088351_b1d0b37ec1_o-1-1024x1536.jpg 1024w, https:\/\/worldskills.ro\/gastronomiesustenabila\/wp-content\/uploads\/2024\/10\/53992088351_b1d0b37ec1_o-1-1365x2048.jpg 1365w, https:\/\/worldskills.ro\/gastronomiesustenabila\/wp-content\/uploads\/2024\/10\/53992088351_b1d0b37ec1_o-1-320x480.jpg 320w, https:\/\/worldskills.ro\/gastronomiesustenabila\/wp-content\/uploads\/2024\/10\/53992088351_b1d0b37ec1_o-1-scaled.jpg 1707w\" sizes=\"(max-width: 238px) 100vw, 238px\" \/><\/p>\n<p><span style=\"font-weight: 400\"><a href=\"https:\/\/worldskills2024.com\/en\/home-page\/\">Olimpiada Interna\u021bional\u0103 de Meserii WorldSkills Lyon 2024<\/a> a reprezentat cea de-a 47-a edi\u021bie a competi\u021biei WorldSkills \u2013 cel mai mare eveniment dedicat educa\u021biei, form\u0103rii profesionale \u0219i excelen\u021bei \u00een meserii din lume.<\/span><\/p>\n<p><span style=\"font-weight: 400\">Desf\u0103\u0219urat la fiecare doi ani \u0219i organizat de WorldSkills International, WorldSkills Lyon 2024 a reunit mii de tineri de pe tot globul, care au concurat pentru \u0219ansa de a deveni cei mai buni din lume \u00een domeniul lor.<\/span><\/p>\n<p><span style=\"font-weight: 400\">1.500 de concuren\u021bi din peste 65 de \u021b\u0103ri \u0219i regiuni din \u00eentreaga lume s-au adunat la Lyon \u00een luna septembrie pentru a concura \u00een 62 de meserii. De la florist la arta jocurilor digitale 3D, sudur\u0103, robotic\u0103 mobil\u0103 autonom\u0103 sau tehnologii web p\u00e2n\u0103 la placarea pere\u021bilor \u0219i podelei, <\/span><a href=\"https:\/\/worldskills2024.com\/en\/home-page\/\"><span style=\"font-weight: 400\">Olimpiada Interna\u021bional\u0103 de Meserii WorldSkills Lyon 2024<\/span><\/a><span style=\"font-weight: 400\"> a oferit tinerilor concuren\u021bi oportunitatea de a-\u0219i prezenta abilit\u0103\u021bile \u0219i de a-\u0219i \u00eemp\u0103rt\u0103\u0219i pasiunile cu sute de mii de vizitatori.<\/span><\/p>\n<p><span style=\"font-weight: 400\"><strong>Hu\u021banu Andra Maria, <\/strong>de la <em>Liceul Tehnologic Economic de Turism din Ia\u0219i <\/em>(prof. coordonator Monica Baciu)<strong>, <\/strong>a reprezentat Rom\u00e2nia la <strong>sec\u021biunea Cooking <\/strong>\u00een cadrul Olimpiadei Interna\u021bionale de Meserii <a href=\"https:\/\/worldskills2024.com\/\">WorldSkills Lyon 2024<\/a>, cu sprijinul Carrefour Rom\u00e2nia. <\/span><span style=\"font-weight: 400\">T\u00e2n\u0103ra competitoare a beneficiat de un mentorat intens oferit de Chef Florin Kiss, expert WorldSkills \u00een aceea\u0219i sec\u021biune, preg\u0103tindu-se pe parcursul a patru luni pentru aceast\u0103 competi\u021bie prestigioas\u0103.\u00a0<\/span><\/p>\n<p><span style=\"font-weight: 400\">\u00cen competi\u021bie Andra a avut de parcurs 4 probe diferite, \u00eembin\u00e2nd tehnici diverse cu mult\u0103 precizie \u0219i creativitate. Printre probe s-au num\u0103rat cele de Hot Kitchen Service, Cold Kitchen Production \u0219i Bistro Kitchen \u2013 pentru o servire ?\u0300 ?? ????? pentru 16 persoane, \u00een timp real, la competi\u021bie. Toate probele au con\u021binut un ingredient secret aflat \u00een diminea\u021ba competi\u021biei, a\u0219adar Andra a integrat zilnic noi elemente \u00een preparatele ei.<br \/>\n<\/span><\/p>\n<p><img decoding=\"async\" loading=\"lazy\" class=\"wp-image-3343 alignright\" src=\"https:\/\/worldskills.ro\/gastronomiesustenabila\/wp-content\/uploads\/2024\/10\/53991531887_3f49868772_o-1-640x411.jpg\" alt=\"\" width=\"347\" height=\"223\" srcset=\"https:\/\/worldskills.ro\/gastronomiesustenabila\/wp-content\/uploads\/2024\/10\/53991531887_3f49868772_o-1-640x411.jpg 640w, https:\/\/worldskills.ro\/gastronomiesustenabila\/wp-content\/uploads\/2024\/10\/53991531887_3f49868772_o-1-1280x822.jpg 1280w, https:\/\/worldskills.ro\/gastronomiesustenabila\/wp-content\/uploads\/2024\/10\/53991531887_3f49868772_o-1-768x493.jpg 768w, https:\/\/worldskills.ro\/gastronomiesustenabila\/wp-content\/uploads\/2024\/10\/53991531887_3f49868772_o-1-1536x987.jpg 1536w, https:\/\/worldskills.ro\/gastronomiesustenabila\/wp-content\/uploads\/2024\/10\/53991531887_3f49868772_o-1-2048x1316.jpg 2048w, https:\/\/worldskills.ro\/gastronomiesustenabila\/wp-content\/uploads\/2024\/10\/53991531887_3f49868772_o-1-320x206.jpg 320w\" sizes=\"(max-width: 347px) 100vw, 347px\" \/><\/p>\n<p><span style=\"font-weight: 400\">Printre cele mai spectaculoase probe s-a r<\/span><span style=\"font-weight: 400\">emarcat cea de Speed test \u0219i acurate\u021be, la care ea a trebuit s\u0103 treac\u0103 prin 10 cerin\u021be diferite \u00een dou\u0103 ore, contratimp, precum: s\u0103 realizeze un sos Olandez \u00een mai pu\u021bin de 3 minute sau s\u0103 taie un c\u0103\u021bel de usturoi \u00een fix 25 de felii \u00een 30 secunde.<br \/>\n<\/span><\/p>\n<p><span style=\"font-weight: 400\">De\u0219i nu a urcat pe podium, experien\u021ba acumulat\u0103 \u0219i cuno\u0219tin\u021bele dob\u00e2ndite \u00een cadrul competi\u021biei sunt extrem de valoroase. Participarea Andrei la WorldSkills Lyon 2024 subliniaz\u0103 determinarea \u0219i pasiunea ei pentru gastronomie, pun\u00e2nd Rom\u00e2nia pe harta interna\u021bional\u0103 a tinerelor talente \u00een arta culinar\u0103.<\/span><\/p>\n<p><span style=\"font-weight: 400\">Apreciem dedicarea \u0219i progresul ei \u00een aceast\u0103 competi\u021bie de \u00eenalt\u0103 calibru \u0219i a\u0219tept\u0103m cu ner\u0103bdare s\u0103 vedem cum va aplica lec\u021biile \u00eenv\u0103\u021bate \u00een cariera sa viitoare.<\/span><\/p>\n<p>\n<\/div><div data-bb-version=\"4.9.1\" class=\"bt_bb_slider bt_bb_height_keep-height bt_bb_show_dots_bottom bt_bb_multiple_slides bt_bb_multiple_slides bt_bb_use_lightbox bt_bb_animation_slide animate\"><div class=\"slick-slider\"  data-slick='{ \"lazyLoad\": \"progressive\", \"cssEase\": \"ease-out\", \"speed\": \"300\", \"dots\": true, \"prevArrow\": \"&lt;button type=\\\"button\\\" class=\\\"slick-prev\\\" aria-label=\\\"Previous\\\" tabindex=\\\"0\\\" role=\\\"button\\\"&gt;&lt;\/button&gt;\", \"nextArrow\": \"&lt;button type=\\\"button\\\" class=\\\"slick-next\\\" aria-label=\\\"Next\\\" tabindex=\\\"0\\\" role=\\\"button\\\"&gt;&lt;\/button&gt;\",\"slidesToShow\": 3, \"autoplay\": true, \"autoplaySpeed\": 3000,\"slidesToShow\": 3, \"responsive\": [{ \"breakpoint\": 480, \"settings\": { \"slidesToShow\": 1, \"slidesToScroll\": 1 } },{ \"breakpoint\": 768, \"settings\": { \"slidesToShow\": 2, \"slidesToScroll\": 2 } },{ \"breakpoint\": 992, \"settings\": { \"slidesToShow\": 3, \"slidesToScroll\": 3 } },{ \"breakpoint\": 1200, \"settings\": { \"slidesToShow\": 3, \"slidesToScroll\": 3 } },{ \"breakpoint\": 1400, \"settings\": { \"slidesToShow\": 3, \"slidesToScroll\": 3 } }]}' ><div class=\"bt_bb_slider_item\" data-src-full=\"https:\/\/worldskills.ro\/gastronomiesustenabila\/wp-content\/uploads\/2024\/10\/53991849720_2d5974f1dc_o-1-scaled.jpg\"><img src=\"https:\/\/worldskills.ro\/gastronomiesustenabila\/wp-content\/uploads\/2024\/10\/53991849720_2d5974f1dc_o-1-320x320.jpg\" alt=\"53991849720_2d5974f1dc_o (1)\"  title=\"53991849720_2d5974f1dc_o (1)\"><\/div><div class=\"bt_bb_slider_item\" data-src-full=\"https:\/\/worldskills.ro\/gastronomiesustenabila\/wp-content\/uploads\/2024\/10\/459717939_8262038183911688_2519063114202733704_n.jpg\"><img src=\"https:\/\/worldskills.ro\/gastronomiesustenabila\/wp-content\/uploads\/2024\/10\/459717939_8262038183911688_2519063114202733704_n-320x320.jpg\" alt=\"459717939_8262038183911688_2519063114202733704_n\"  title=\"459717939_8262038183911688_2519063114202733704_n\"><\/div><div class=\"bt_bb_slider_item\" data-src-full=\"https:\/\/worldskills.ro\/gastronomiesustenabila\/wp-content\/uploads\/2024\/10\/IMG-20240914-WA0097.jpg\"><img src=\"https:\/\/worldskills.ro\/gastronomiesustenabila\/wp-content\/uploads\/2024\/10\/IMG-20240914-WA0097-320x320.jpg\" alt=\"IMG-20240914-WA0097\"  title=\"IMG-20240914-WA0097\"><\/div><div class=\"bt_bb_slider_item\" data-src-full=\"https:\/\/worldskills.ro\/gastronomiesustenabila\/wp-content\/uploads\/2024\/10\/IMG-20240914-WA0087.jpg\"><img src=\"https:\/\/worldskills.ro\/gastronomiesustenabila\/wp-content\/uploads\/2024\/10\/IMG-20240914-WA0087-320x320.jpg\" alt=\"IMG-20240914-WA0087\"  title=\"IMG-20240914-WA0087\"><\/div><div class=\"bt_bb_slider_item\" data-src-full=\"https:\/\/worldskills.ro\/gastronomiesustenabila\/wp-content\/uploads\/2024\/10\/IMG-20240914-WA0070.jpg\"><img src=\"https:\/\/worldskills.ro\/gastronomiesustenabila\/wp-content\/uploads\/2024\/10\/IMG-20240914-WA0070-320x320.jpg\" alt=\"IMG-20240914-WA0070\"  title=\"IMG-20240914-WA0070\"><\/div><div class=\"bt_bb_slider_item\" data-src-full=\"https:\/\/worldskills.ro\/gastronomiesustenabila\/wp-content\/uploads\/2024\/10\/IMG-20240914-WA0069.jpg\"><img src=\"https:\/\/worldskills.ro\/gastronomiesustenabila\/wp-content\/uploads\/2024\/10\/IMG-20240914-WA0069-320x320.jpg\" alt=\"IMG-20240914-WA0069\"  title=\"IMG-20240914-WA0069\"><\/div><div class=\"bt_bb_slider_item\" data-src-full=\"https:\/\/worldskills.ro\/gastronomiesustenabila\/wp-content\/uploads\/2024\/10\/53992088351_b1d0b37ec1_o-1-scaled.jpg\"><img src=\"https:\/\/worldskills.ro\/gastronomiesustenabila\/wp-content\/uploads\/2024\/10\/53992088351_b1d0b37ec1_o-1-320x320.jpg\" alt=\"53992088351_b1d0b37ec1_o (1)\"  title=\"53992088351_b1d0b37ec1_o (1)\"><\/div><div class=\"bt_bb_slider_item\" data-src-full=\"https:\/\/worldskills.ro\/gastronomiesustenabila\/wp-content\/uploads\/2024\/10\/53991531887_3f49868772_o-1-scaled.jpg\"><img src=\"https:\/\/worldskills.ro\/gastronomiesustenabila\/wp-content\/uploads\/2024\/10\/53991531887_3f49868772_o-1-320x320.jpg\" alt=\"53991531887_3f49868772_o (1)\"  title=\"53991531887_3f49868772_o (1)\"><\/div><\/div><\/div><div class=\"bt_bb_separator bt_bb_border_style_none bt_bb_top_spacing_5 bt_bb_bottom_spacing_5\" data-bt-override-class=\"null\"><\/div><div data-bb-version=\"4.9.1\" class=\"bt_bb_video bt_bb_disable_controls_no\"><div class=\"bt-video-container\"><div style=\"width: 100%;\" class=\"wp-video\"><video class=\"wp-video-shortcode\" id=\"video-3204-1\" width=\"640\" height=\"360\" preload=\"metadata\" controls=\"controls\"><source type=\"video\/youtube\" src=\"https:\/\/youtu.be\/badaKDuGgS0?_=1\" \/><\/video><\/div><\/div><\/div><div data-bb-version=\"4.9.1\" class=\"bt_bb_separator bt_bb_border_style_solid bt_bb_top_spacing_extra_small bt_bb_bottom_spacing_extra_small\" data-bt-override-class=\"{&quot;bt_bb_top_spacing_&quot;:{&quot;current_class&quot;:&quot;bt_bb_top_spacing_extra_small&quot;,&quot;xxl&quot;:&quot;extra_small&quot;},&quot;bt_bb_bottom_spacing_&quot;:{&quot;current_class&quot;:&quot;bt_bb_bottom_spacing_extra_small&quot;,&quot;xxl&quot;:&quot;extra_small&quot;}}\"><\/div><div data-bb-version=\"4.9.1\"  class=\"bt_bb_text\" ><\/p>\n<p><img decoding=\"async\" loading=\"lazy\" class=\"size-full wp-image-3214 aligncenter\" src=\"https:\/\/worldskills.ro\/gastronomiesustenabila\/wp-content\/uploads\/2024\/04\/banner-site-Wsro.png\" alt=\"\" width=\"1920\" height=\"400\" srcset=\"https:\/\/worldskills.ro\/gastronomiesustenabila\/wp-content\/uploads\/2024\/04\/banner-site-Wsro.png 1920w, https:\/\/worldskills.ro\/gastronomiesustenabila\/wp-content\/uploads\/2024\/04\/banner-site-Wsro-640x133.png 640w, https:\/\/worldskills.ro\/gastronomiesustenabila\/wp-content\/uploads\/2024\/04\/banner-site-Wsro-1280x267.png 1280w, https:\/\/worldskills.ro\/gastronomiesustenabila\/wp-content\/uploads\/2024\/04\/banner-site-Wsro-768x160.png 768w, https:\/\/worldskills.ro\/gastronomiesustenabila\/wp-content\/uploads\/2024\/04\/banner-site-Wsro-1536x320.png 1536w, https:\/\/worldskills.ro\/gastronomiesustenabila\/wp-content\/uploads\/2024\/04\/banner-site-Wsro-320x67.png 320w\" sizes=\"(max-width: 1920px) 100vw, 1920px\" \/><\/p>\n<p>\n<\/div><\/div><\/div><\/div><\/div><\/div><\/div><!-- cell_inner --><\/div><!-- cell --><\/div><!-- port --><\/section><section id=\"bt_bb_section69d4b603ed8c7\" class=\"bt_bb_section bt_bb_layout_boxed_1200 bt_bb_vertical_align_top bt_bb_top_spacing_50 bt_bb_bottom_spacing_50\" style=\";background-color:rgb(245,245,245);\" data-bt-override-class=\"null\"><div class=\"bt_bb_port\"><div class=\"bt_bb_cell\"><div class=\"bt_bb_cell_inner\"><div class=\"bt_bb_row \"  data-bt-override-class=\"{}\"><div class=\"bt_bb_row_holder\" ><div  class=\"bt_bb_column col-xxl-12 col-xl-12 col-xs-12 col-sm-12 col-md-12 col-lg-12 bt_bb_vertical_align_top bt_bb_align_left bt_bb_padding_normal\" style=\"; --column-width:12;\" data-width=\"12\" data-bt-override-class=\"{}\"><div class=\"bt_bb_column_content\"><div class=\"bt_bb_column_content_inner\"><div class=\" bt_bb_row_inner\"   data-bt-override-class=\"{}\"><div class=\"bt_bb_row_inner_holder\"  ><div  class=\"bt_bb_column_inner col-xxl-12 col-xl-12 col-xs-12 col-sm-12 col-md-12 col-lg-12 bt_bb_vertical_align_top bt_bb_align_left bt_bb_padding_normal\"  data-width=\"12\" data-bt-override-class=\"{}\"><div class=\"bt_bb_column_inner_content\"><div class=\"bt_bb_column_inner_content_inner\"><div  class=\"bt_bb_text bt_bb_hidden_xs bt_bb_hidden_ms\" ><\/p>\n<div class=\"butoanejos\" style=\"text-align: center\"><a class=\"download-raport\" href=\"\/gastronomiesustenabila\/program-la-clasa\/\"> Descoper\u0103 programul<\/a><\/div>\n<p>\n<\/div><div  class=\"bt_bb_text bt_bb_hidden_sm bt_bb_hidden_md bt_bb_hidden_lg\" ><\/p>\n<div class=\"dmobil\"><a class=\"download-raport\" href=\"\/gastronomiesustenabila\/program-la-clasa\/\"> Descoper\u0103 programul<\/a><\/div>\n<p>\n<\/div><\/div><\/div><\/div><\/div><\/div><\/div><\/div><\/div><\/div><\/div><\/div><!-- cell_inner --><\/div><!-- cell --><\/div><!-- port --><\/section><\/p>\n","protected":false},"excerpt":{"rendered":"","protected":false},"author":1,"featured_media":0,"parent":0,"menu_order":0,"comment_status":"closed","ping_status":"closed","template":"","meta":[],"yoast_head":"<!-- This site is optimized with the Yoast SEO plugin v21.1 - https:\/\/yoast.com\/wordpress\/plugins\/seo\/ -->\n<title>WorldSkills Lyon 2024 - Gastronomie sustenabil\u0103<\/title>\n<meta name=\"robots\" content=\"index, follow, max-snippet:-1, max-image-preview:large, max-video-preview:-1\" \/>\n<link rel=\"canonical\" href=\"https:\/\/worldskills.ro\/gastronomiesustenabila\/worldskills-lyon-2024\/\" \/>\n<meta property=\"og:locale\" content=\"en_US\" \/>\n<meta property=\"og:type\" content=\"article\" \/>\n<meta property=\"og:title\" content=\"WorldSkills Lyon 2024 - Gastronomie sustenabil\u0103\" \/>\n<meta property=\"og:url\" content=\"https:\/\/worldskills.ro\/gastronomiesustenabila\/worldskills-lyon-2024\/\" \/>\n<meta property=\"og:site_name\" content=\"Gastronomie sustenabil\u0103\" \/>\n<meta property=\"article:modified_time\" content=\"2025-08-28T12:49:06+00:00\" \/>\n<meta property=\"og:image\" content=\"https:\/\/worldskills.ro\/gastronomiesustenabila\/wp-content\/uploads\/2024\/10\/53992088351_b1d0b37ec1_o-1-640x960.jpg\" \/>\n<meta name=\"twitter:card\" content=\"summary_large_image\" \/>\n<meta name=\"twitter:label1\" content=\"Est. reading time\" \/>\n\t<meta name=\"twitter:data1\" content=\"5 minutes\" \/>\n<script type=\"application\/ld+json\" class=\"yoast-schema-graph\">{\"@context\":\"https:\/\/schema.org\",\"@graph\":[{\"@type\":\"WebPage\",\"@id\":\"https:\/\/worldskills.ro\/gastronomiesustenabila\/worldskills-lyon-2024\/\",\"url\":\"https:\/\/worldskills.ro\/gastronomiesustenabila\/worldskills-lyon-2024\/\",\"name\":\"WorldSkills Lyon 2024 - Gastronomie sustenabil\u0103\",\"isPartOf\":{\"@id\":\"https:\/\/worldskills.ro\/gastronomiesustenabila\/#website\"},\"datePublished\":\"2024-04-11T15:06:17+00:00\",\"dateModified\":\"2025-08-28T12:49:06+00:00\",\"breadcrumb\":{\"@id\":\"https:\/\/worldskills.ro\/gastronomiesustenabila\/worldskills-lyon-2024\/#breadcrumb\"},\"inLanguage\":\"en-US\",\"potentialAction\":[{\"@type\":\"ReadAction\",\"target\":[\"https:\/\/worldskills.ro\/gastronomiesustenabila\/worldskills-lyon-2024\/\"]}]},{\"@type\":\"BreadcrumbList\",\"@id\":\"https:\/\/worldskills.ro\/gastronomiesustenabila\/worldskills-lyon-2024\/#breadcrumb\",\"itemListElement\":[{\"@type\":\"ListItem\",\"position\":1,\"name\":\"Home\",\"item\":\"https:\/\/worldskills.ro\/gastronomiesustenabila\/\"},{\"@type\":\"ListItem\",\"position\":2,\"name\":\"WorldSkills Lyon 2024\"}]},{\"@type\":\"WebSite\",\"@id\":\"https:\/\/worldskills.ro\/gastronomiesustenabila\/#website\",\"url\":\"https:\/\/worldskills.ro\/gastronomiesustenabila\/\",\"name\":\"Gastronomie sustenabil\u0103\",\"description\":\"\",\"potentialAction\":[{\"@type\":\"SearchAction\",\"target\":{\"@type\":\"EntryPoint\",\"urlTemplate\":\"https:\/\/worldskills.ro\/gastronomiesustenabila\/?s={search_term_string}\"},\"query-input\":\"required name=search_term_string\"}],\"inLanguage\":\"en-US\"}]}<\/script>\n<!-- \/ Yoast SEO plugin. -->","yoast_head_json":{"title":"WorldSkills Lyon 2024 - Gastronomie sustenabil\u0103","robots":{"index":"index","follow":"follow","max-snippet":"max-snippet:-1","max-image-preview":"max-image-preview:large","max-video-preview":"max-video-preview:-1"},"canonical":"https:\/\/worldskills.ro\/gastronomiesustenabila\/worldskills-lyon-2024\/","og_locale":"en_US","og_type":"article","og_title":"WorldSkills Lyon 2024 - Gastronomie sustenabil\u0103","og_url":"https:\/\/worldskills.ro\/gastronomiesustenabila\/worldskills-lyon-2024\/","og_site_name":"Gastronomie sustenabil\u0103","article_modified_time":"2025-08-28T12:49:06+00:00","og_image":[{"url":"https:\/\/worldskills.ro\/gastronomiesustenabila\/wp-content\/uploads\/2024\/10\/53992088351_b1d0b37ec1_o-1-640x960.jpg"}],"twitter_card":"summary_large_image","twitter_misc":{"Est. reading time":"5 minutes"},"schema":{"@context":"https:\/\/schema.org","@graph":[{"@type":"WebPage","@id":"https:\/\/worldskills.ro\/gastronomiesustenabila\/worldskills-lyon-2024\/","url":"https:\/\/worldskills.ro\/gastronomiesustenabila\/worldskills-lyon-2024\/","name":"WorldSkills Lyon 2024 - Gastronomie sustenabil\u0103","isPartOf":{"@id":"https:\/\/worldskills.ro\/gastronomiesustenabila\/#website"},"datePublished":"2024-04-11T15:06:17+00:00","dateModified":"2025-08-28T12:49:06+00:00","breadcrumb":{"@id":"https:\/\/worldskills.ro\/gastronomiesustenabila\/worldskills-lyon-2024\/#breadcrumb"},"inLanguage":"en-US","potentialAction":[{"@type":"ReadAction","target":["https:\/\/worldskills.ro\/gastronomiesustenabila\/worldskills-lyon-2024\/"]}]},{"@type":"BreadcrumbList","@id":"https:\/\/worldskills.ro\/gastronomiesustenabila\/worldskills-lyon-2024\/#breadcrumb","itemListElement":[{"@type":"ListItem","position":1,"name":"Home","item":"https:\/\/worldskills.ro\/gastronomiesustenabila\/"},{"@type":"ListItem","position":2,"name":"WorldSkills Lyon 2024"}]},{"@type":"WebSite","@id":"https:\/\/worldskills.ro\/gastronomiesustenabila\/#website","url":"https:\/\/worldskills.ro\/gastronomiesustenabila\/","name":"Gastronomie sustenabil\u0103","description":"","potentialAction":[{"@type":"SearchAction","target":{"@type":"EntryPoint","urlTemplate":"https:\/\/worldskills.ro\/gastronomiesustenabila\/?s={search_term_string}"},"query-input":"required name=search_term_string"}],"inLanguage":"en-US"}]}},"_links":{"self":[{"href":"https:\/\/worldskills.ro\/gastronomiesustenabila\/wp-json\/wp\/v2\/pages\/3204"}],"collection":[{"href":"https:\/\/worldskills.ro\/gastronomiesustenabila\/wp-json\/wp\/v2\/pages"}],"about":[{"href":"https:\/\/worldskills.ro\/gastronomiesustenabila\/wp-json\/wp\/v2\/types\/page"}],"author":[{"embeddable":true,"href":"https:\/\/worldskills.ro\/gastronomiesustenabila\/wp-json\/wp\/v2\/users\/1"}],"replies":[{"embeddable":true,"href":"https:\/\/worldskills.ro\/gastronomiesustenabila\/wp-json\/wp\/v2\/comments?post=3204"}],"version-history":[{"count":28,"href":"https:\/\/worldskills.ro\/gastronomiesustenabila\/wp-json\/wp\/v2\/pages\/3204\/revisions"}],"predecessor-version":[{"id":3591,"href":"https:\/\/worldskills.ro\/gastronomiesustenabila\/wp-json\/wp\/v2\/pages\/3204\/revisions\/3591"}],"wp:attachment":[{"href":"https:\/\/worldskills.ro\/gastronomiesustenabila\/wp-json\/wp\/v2\/media?parent=3204"}],"curies":[{"name":"wp","href":"https:\/\/api.w.org\/{rel}","templated":true}]}}